{"id":770,"date":"2022-08-01T12:10:16","date_gmt":"2022-08-01T15:10:16","guid":{"rendered":"http:\/\/www.qhs.com.ar\/web\/?page_id=770"},"modified":"2022-09-06T19:30:01","modified_gmt":"2022-09-06T22:30:01","slug":"livingstone","status":"publish","type":"page","link":"https:\/\/www.qhs.com.ar\/web\/index.php\/livingstone\/","title":{"rendered":"Livingstone"},"content":{"rendered":"<p>[et_pb_section fb_built=\u00bb1&#8243; _builder_version=\u00bb4.17.4&#8243; _module_preset=\u00bbdefault\u00bb background_color=\u00bbrgba(0,69,22,0.87)\u00bb background_image=\u00bbhttps:\/\/www.qhs.com.ar\/web\/wp-content\/uploads\/campo-de-deportes-home.jpg\u00bb background_blend=\u00bbmultiply\u00bb global_colors_info=\u00bb{}\u00bb][et_pb_row _builder_version=\u00bb4.17.4&#8243; _module_preset=\u00bbdefault\u00bb width=\u00bb90%\u00bb max_width=\u00bb100%\u00bb global_colors_info=\u00bb{}\u00bb][et_pb_column type=\u00bb4_4&#8243; _builder_version=\u00bb4.17.4&#8243; _module_preset=\u00bbdefault\u00bb global_colors_info=\u00bb{}\u00bb][et_pb_text _builder_version=\u00bb4.17.6&#8243; _module_preset=\u00bbdefault\u00bb text_font=\u00bbOpen Sans|700|||||||\u00bb text_text_color=\u00bb#FFFFFF\u00bb text_font_size=\u00bb40px\u00bb text_orientation=\u00bbcenter\u00bb custom_margin=\u00bb||20px||false|false\u00bb custom_padding=\u00bb||||false|false\u00bb global_colors_info=\u00bb{}\u00bb]<\/p>\n<p>Houses<\/p>\n<p>[\/et_pb_text][\/et_pb_column][\/et_pb_row][\/et_pb_section][et_pb_section fb_built=\u00bb1&#8243; _builder_version=\u00bb4.18.0&#8243; _module_preset=\u00bbdefault\u00bb z_index=\u00bb50&#8243; custom_margin=\u00bb0px||80px||false|false\u00bb custom_padding=\u00bb60px||0px||false|false\u00bb hover_enabled=\u00bb0&#8243; global_colors_info=\u00bb{}\u00bb custom_margin_last_edited=\u00bbon|phone\u00bb custom_margin_phone=\u00bb0px||40px||false|false\u00bb sticky_enabled=\u00bb0&#8243; custom_margin_tablet=\u00bb0px||80px||false|false\u00bb][et_pb_row column_structure=\u00bb1_4,3_4&#8243; make_equal=\u00bbon\u00bb disabled_on=\u00bboff|off|off\u00bb _builder_version=\u00bb4.18.0&#8243; _module_preset=\u00bbdefault\u00bb max_width=\u00bb90%\u00bb custom_margin=\u00bb0px||40px||false|true\u00bb custom_padding=\u00bb0px||0px||false|true\u00bb hover_enabled=\u00bb0&#8243; custom_css_main_element=\u00bbdisplay: flex;||flex-wrap: wrap;\u00bb locked=\u00bboff\u00bb global_colors_info=\u00bb{}\u00bb sticky_enabled=\u00bb0&#8243; custom_margin_last_edited=\u00bbon|phone\u00bb custom_margin_phone=\u00bb||0px||false|true\u00bb custom_margin_tablet=\u00bb0px||40px||false|true\u00bb][et_pb_column type=\u00bb1_4&#8243; _builder_version=\u00bb4.18.0&#8243; _module_preset=\u00bbdefault\u00bb hover_enabled=\u00bb0&#8243; custom_css_main_element=\u00bbmargin-bottom: 0;||width: 8% !important;\u00bb global_colors_info=\u00bb{}\u00bb custom_css_main_element_last_edited=\u00bbon|phone\u00bb custom_css_main_element_phone=\u00bbmargin-bottom: 0;||width: 20% !important;\u00bb sticky_enabled=\u00bb0&#8243; custom_css_main_element_tablet=\u00bbmargin-bottom: 0;||width: 8% !important;\u00bb][et_pb_image src=\u00bbhttps:\/\/www.qhs.com.ar\/web\/wp-content\/uploads\/logo-livingstone.png\u00bb title_text=\u00bblogo-livingstone\u00bb _builder_version=\u00bb4.17.6&#8243; _module_preset=\u00bbdefault\u00bb module_alignment=\u00bbleft\u00bb custom_margin=\u00bb0px||0px||false|false\u00bb global_colors_info=\u00bb{}\u00bb transform_styles__hover_enabled=\u00bbon|hover\u00bb transform_scale__hover_enabled=\u00bbon|hover\u00bb transform_translate__hover_enabled=\u00bbon|desktop\u00bb transform_rotate__hover_enabled=\u00bbon|desktop\u00bb transform_skew__hover_enabled=\u00bbon|desktop\u00bb transform_origin__hover_enabled=\u00bbon|desktop\u00bb transform_scale__hover=\u00bb110%|110%\u00bb][\/et_pb_image][\/et_pb_column][et_pb_column type=\u00bb3_4&#8243; _builder_version=\u00bb4.18.0&#8243; _module_preset=\u00bbdefault\u00bb custom_padding=\u00bb50px||||false|false\u00bb hover_enabled=\u00bb0&#8243; custom_css_main_element=\u00bbmargin-bottom: 0;||width: 85% !important;\u00bb global_colors_info=\u00bb{}\u00bb custom_css_main_element_last_edited=\u00bbon|phone\u00bb custom_css_main_element_phone=\u00bbmargin-bottom: 0;||width: 80% !important;\u00bb sticky_enabled=\u00bb0&#8243; custom_padding_last_edited=\u00bbon|phone\u00bb custom_padding_phone=\u00bb30px|||15px|false|false\u00bb custom_css_main_element_tablet=\u00bbmargin-bottom: 0;||width: 85% !important;\u00bb custom_padding_tablet=\u00bb50px||||false|false\u00bb][et_pb_text _builder_version=\u00bb4.18.0&#8243; _module_preset=\u00bbdefault\u00bb text_font=\u00bbOpen Sans|700|on||||||\u00bb text_text_color=\u00bb#ffc000&#8243; text_font_size=\u00bb83px\u00bb text_letter_spacing=\u00bb-3px\u00bb max_width=\u00bb100%\u00bb custom_margin=\u00bb||||false|false\u00bb custom_padding=\u00bb0px||0px||true|false\u00bb hover_enabled=\u00bb0&#8243; text_text_shadow_style=\u00bbpreset4&#8243; text_text_shadow_vertical_length=\u00bb0.03em\u00bb text_text_shadow_color=\u00bb#000000&#8243; global_colors_info=\u00bb{}\u00bb text_font_size_last_edited=\u00bbon|phone\u00bb text_font_size_phone=\u00bb45px\u00bb text_letter_spacing_last_edited=\u00bbon|phone\u00bb text_letter_spacing_phone=\u00bb-1px\u00bb sticky_enabled=\u00bb0&#8243; text_font_size_tablet=\u00bb83px\u00bb text_letter_spacing_tablet=\u00bb-3px\u00bb]<\/p>\n<p>Livingstone<\/p>\n<p>[\/et_pb_text][\/et_pb_column][\/et_pb_row][et_pb_row column_structure=\u00bb1_2,1_2&#8243; _builder_version=\u00bb4.17.6&#8243; _module_preset=\u00bbdefault\u00bb max_width=\u00bb90%\u00bb custom_padding=\u00bb0px||0px||true|false\u00bb global_colors_info=\u00bb{}\u00bb][et_pb_column type=\u00bb1_2&#8243; _builder_version=\u00bb4.17.6&#8243; _module_preset=\u00bbdefault\u00bb global_colors_info=\u00bb{}\u00bb][et_pb_text _builder_version=\u00bb4.17.6&#8243; _module_preset=\u00bbdefault\u00bb text_font=\u00bbOpen Sans||||||||\u00bb text_text_color=\u00bb#000000&#8243; text_line_height=\u00bb1.5em\u00bb custom_margin=\u00bb||20px||false|false\u00bb global_colors_info=\u00bb{}\u00bb]<\/p>\n<p>David Livingstone (1813-1873), m\u00e9dico y misionero escoc\u00e9s, considerado como uno de los m\u00e1s importantes exploradores de \u00c1frica.<\/p>\n<p>El doctor David Livingstone fue uno de los m\u00e1s grandes exploradores del continente africano y un enemigo ac\u00e9rrimo de la trata de esclavos. Cuando en la d\u00e9cada de 1860 se dedic\u00f3 a explorar el coraz\u00f3n de \u00c1frica, no se supo nada de \u00e9l durante varios a\u00f1os. Su larga ausencia se convirti\u00f3 en un asunto de inter\u00e9s internacional, por lo que en 1869 el New York Herald envi\u00f3 en su busca al explorador Henry M. Stanley, quien finalmente localiz\u00f3 a Livingstone en noviembre de 1871 en una aldea a orillas del lago Tanganica. Stanley se present\u00f3 a Livingstone con el famoso y flem\u00e1tico saludo: \u00abEl doctor Livingstone, supongo\u00bb.<\/p>\n<p>Naci\u00f3 el 19 de marzo de 1813, en Blantyre, Escocia. En 1823 empez\u00f3 a trabajar en una f\u00e1brica textil. M\u00e1s tarde, mientras estudiaba medicina en Glasgow, asisti\u00f3 tambi\u00e9n a clases de teolog\u00eda. En 1838, ofreci\u00f3 sus servicios a la Sociedad Misionera de Londres, y cuando termin\u00f3 sus estudios de medicina en 1840, se orden\u00f3 y parti\u00f3 para su primer servicio como misionero m\u00e9dico a \u00c1frica del Sur. En 1841 lleg\u00f3 a Kuruman, una colonia en Bechuanalandia (en la actual Botsuana) que hab\u00eda sido fundada por el misionero escoc\u00e9s Robert Moffat.<\/p>\n<p>Livingstone empez\u00f3 a trabajar con la poblaci\u00f3n de Bechuanalandia, y desde all\u00ed pretend\u00eda continuar avanzando hacia el norte, a pesar de la declarada hostilidad que ejerc\u00edan los b\u00f3ers, colonos de raza blanca, principalmente de ascendencia holandesa. Contrajo matrimonio con Mary Moffat, hija de Robert Moffat, en 1845, y empezaron a trabajar juntos, adentr\u00e1ndose en regiones donde ning\u00fan europeo hab\u00eda llegado antes que ellos. En 1849 cruz\u00f3 el desierto de Kalahari y descubri\u00f3 el lago Ngami. En 1851, en compa\u00f1\u00eda de su mujer y sus hijos, descubri\u00f3 el r\u00edo Zambeze. En otra de sus expediciones (1852-1856), cuando buscaba una ruta para cruzar desde la costa este hasta la oeste, viaj\u00f3 hacia el norte desde Ciudad de El Cabo hasta el r\u00edo Zambeze, y despu\u00e9s hacia el oeste hasta Luanda, en la costa atl\u00e1ntica. Cuando hac\u00eda el viaje de vuelta al Zambeze, Livingstone sigui\u00f3 su cauce hasta la desembocadura en el oc\u00e9ano \u00cdndico, lo que le permiti\u00f3 descubrir las cataratas Victoria (1855).<\/p>\n<p>Las exploraciones de Livingstone sirvieron para hacer una revisi\u00f3n de los mapas existentes en aquel tiempo. Cuando regres\u00f3 al Reino Unido en 1856 fue recibido como un gran explorador, y adem\u00e1s, gracias a su libro Misiones e investigaciones en el sur de \u00c1frica (1857) se hizo famoso.<\/p>\n<p>[\/et_pb_text][\/et_pb_column][et_pb_column type=\u00bb1_2&#8243; _builder_version=\u00bb4.17.6&#8243; _module_preset=\u00bbdefault\u00bb global_colors_info=\u00bb{}\u00bb][et_pb_text _builder_version=\u00bb4.17.6&#8243; _module_preset=\u00bbdefault\u00bb text_font=\u00bbOpen Sans||||||||\u00bb text_text_color=\u00bb#000000&#8243; text_line_height=\u00bb1.5em\u00bb custom_margin=\u00bb||20px||false|false\u00bb global_colors_info=\u00bb{}\u00bb]<\/p>\n<p>En 1858 abandon\u00f3 la compa\u00f1\u00eda misionera y el gobierno brit\u00e1nico le nombr\u00f3 c\u00f3nsul en Quelimane (actual Mozambique), en la costa este de \u00c1frica, y jefe de una expedici\u00f3n de exploraci\u00f3n por la regi\u00f3n central y oriental de \u00c1frica.<\/p>\n<p>Cuando volvi\u00f3 al continente africano en 1858, se dirigi\u00f3 con la expedici\u00f3n a la cabecera del r\u00edo Shire, un tributario del Zambeze, y descubri\u00f3 el lago Nyasa (denominado en la actualidad lago Malawi). En 1859 explor\u00f3 el r\u00edo Rovuma y descubri\u00f3 el lago Chilwa. Cuando exploraba las tierras que rodean el lago Nyasa, Livingstone empez\u00f3 a tomar conciencia de las terribles consecuencias que estaban padeciendo los ind\u00edgenas africanos por el tr\u00e1fico de esclavos al que eran sometidos por parte de \u00e1rabes y portugueses.<\/p>\n<p>En 1865, durante una de sus visitas a Inglaterra, escribi\u00f3 Relato de una expedici\u00f3n al Zambeze y sus afluentes, que era una condena del comercio de esclavos y un estudio de las posibilidades comerciales de la regi\u00f3n (que actualmente ocupa la mayor parte de Malawi y Mozambique). En 1866, gracias principalmente a la financiaci\u00f3n desinteresada de amigos y admiradores, Livingstone dirigi\u00f3 una expedici\u00f3n que pretend\u00eda descubrir las fuentes del r\u00edo Nilo y explorar la l\u00ednea divisoria de las aguas de \u00c1frica central. Despu\u00e9s, sigui\u00f3 el cauce del r\u00edo Rovuma, descubri\u00f3 los lagos Moero y Bangweulu, y lleg\u00f3 al lago Tanganica en 1869.<\/p>\n<p>Durante el tiempo que dur\u00f3 la expedici\u00f3n se tuvieron muy pocas noticias de Livingstone, lo que provoc\u00f3 una situaci\u00f3n de preocupaci\u00f3n internacional por la suerte que hubiera podido correr el explorador. Mientras tanto, en 1870, Livingstone emprend\u00eda viaje desde Ujiji, en el lago Tanganica, hacia las tierras situadas al oeste del lago, y se convirti\u00f3 en el primer europeo que lleg\u00f3 al r\u00edo Lualaba, en la actual Rep\u00fablica Democr\u00e1tica del Congo (ex Zaire). Despu\u00e9s de haber sufrido grandes penalidades, regres\u00f3 a Ujiji, donde se encontr\u00f3 con una partida de rescate que dirig\u00eda Henry Morton Stanley, un periodista angloamericano, de quien se cuenta la an\u00e9cdota que salud\u00f3 al explorador con el famoso comentario: \u201cel doctor Livingstone, supongo\u201d.Despu\u00e9s, los dos exploraron juntos las tierras del norte del lago Tanganica. Livingstone, esta vez en solitario, continu\u00f3 su b\u00fasqueda del nacimiento del Nilo. Falleci\u00f3 en Chitambo (en lo que actualmente es Zambia), seguramente el 30 de abril de 1873, y su cuerpo fue encontrado el d\u00eda 1 de mayo. Sus sirvientes enterraron su coraz\u00f3n bajo el \u00e1rbol en que hab\u00eda fallecido y trasladaron su cuerpo a Zanz\u00edbar, en la costa oriental africana. En abril de 1874, sus restos fueron definitivamente enterrados en la abad\u00eda de Westminster.<\/p>\n<p>[\/et_pb_text][\/et_pb_column][\/et_pb_row][et_pb_row column_structure=\u00bb1_3,1_3,1_3&#8243; use_custom_gutter=\u00bbon\u00bb gutter_width=\u00bb2&#8243; _builder_version=\u00bb4.17.6&#8243; _module_preset=\u00bbdefault\u00bb max_width=\u00bb90%\u00bb global_colors_info=\u00bb{}\u00bb][et_pb_column type=\u00bb1_3&#8243; _builder_version=\u00bb4.17.6&#8243; _module_preset=\u00bbdefault\u00bb global_colors_info=\u00bb{}\u00bb][et_pb_image src=\u00bbhttps:\/\/www.qhs.com.ar\/web\/wp-content\/uploads\/houses-01.jpg\u00bb _builder_version=\u00bb4.17.6&#8243; _module_preset=\u00bbdefault\u00bb global_colors_info=\u00bb{}\u00bb][\/et_pb_image][\/et_pb_column][et_pb_column type=\u00bb1_3&#8243; _builder_version=\u00bb4.17.6&#8243; _module_preset=\u00bbdefault\u00bb global_colors_info=\u00bb{}\u00bb][et_pb_image src=\u00bbhttps:\/\/www.qhs.com.ar\/web\/wp-content\/uploads\/houses-02.jpg\u00bb _builder_version=\u00bb4.17.6&#8243; _module_preset=\u00bbdefault\u00bb global_colors_info=\u00bb{}\u00bb][\/et_pb_image][\/et_pb_column][et_pb_column type=\u00bb1_3&#8243; _builder_version=\u00bb4.17.6&#8243; _module_preset=\u00bbdefault\u00bb global_colors_info=\u00bb{}\u00bb][et_pb_image src=\u00bbhttps:\/\/www.qhs.com.ar\/web\/wp-content\/uploads\/houses-03.jpg\u00bb _builder_version=\u00bb4.17.6&#8243; _module_preset=\u00bbdefault\u00bb global_colors_info=\u00bb{}\u00bb][\/et_pb_image][\/et_pb_column][\/et_pb_row][\/et_pb_section]<\/p>\n","protected":false},"excerpt":{"rendered":"<p>HousesLivingstoneDavid Livingstone (1813-1873), m\u00e9dico y misionero escoc\u00e9s, considerado como uno de los m\u00e1s importantes exploradores de \u00c1frica. El doctor David Livingstone fue uno de los m\u00e1s grandes exploradores del continente africano y un enemigo ac\u00e9rrimo de la trata de esclavos. Cuando en la d\u00e9cada de 1860 se dedic\u00f3 a explorar el coraz\u00f3n de \u00c1frica, no [&hellip;]<\/p>\n","protected":false},"author":2,"featured_media":0,"parent":0,"menu_order":0,"comment_status":"closed","ping_status":"closed","template":"","meta":{"_et_pb_use_builder":"on","_et_pb_old_content":"","_et_gb_content_width":"","footnotes":""},"class_list":["post-770","page","type-page","status-publish","hentry"],"_links":{"self":[{"href":"https:\/\/www.qhs.com.ar\/web\/index.php\/wp-json\/wp\/v2\/pages\/770","targetHints":{"allow":["GET"]}}],"collection":[{"href":"https:\/\/www.qhs.com.ar\/web\/index.php\/wp-json\/wp\/v2\/pages"}],"about":[{"href":"https:\/\/www.qhs.com.ar\/web\/index.php\/wp-json\/wp\/v2\/types\/page"}],"author":[{"embeddable":true,"href":"https:\/\/www.qhs.com.ar\/web\/index.php\/wp-json\/wp\/v2\/users\/2"}],"replies":[{"embeddable":true,"href":"https:\/\/www.qhs.com.ar\/web\/index.php\/wp-json\/wp\/v2\/comments?post=770"}],"version-history":[{"count":7,"href":"https:\/\/www.qhs.com.ar\/web\/index.php\/wp-json\/wp\/v2\/pages\/770\/revisions"}],"predecessor-version":[{"id":1490,"href":"https:\/\/www.qhs.com.ar\/web\/index.php\/wp-json\/wp\/v2\/pages\/770\/revisions\/1490"}],"wp:attachment":[{"href":"https:\/\/www.qhs.com.ar\/web\/index.php\/wp-json\/wp\/v2\/media?parent=770"}],"curies":[{"name":"wp","href":"https:\/\/api.w.org\/{rel}","templated":true}]}}