{"id":746,"date":"2022-08-01T11:41:12","date_gmt":"2022-08-01T14:41:12","guid":{"rendered":"http:\/\/www.qhs.com.ar\/web\/?page_id=746"},"modified":"2024-10-20T22:14:43","modified_gmt":"2024-10-21T01:14:43","slug":"caracteristicas","status":"publish","type":"page","link":"https:\/\/www.qhs.com.ar\/web\/index.php\/caracteristicas\/","title":{"rendered":"Caracter\u00edsticas"},"content":{"rendered":"<p>[et_pb_section fb_built=\u00bb1&#8243; _builder_version=\u00bb4.17.4&#8243; _module_preset=\u00bbdefault\u00bb background_color=\u00bbrgba(0,69,22,0.87)\u00bb background_image=\u00bbhttps:\/\/www.qhs.com.ar\/web\/wp-content\/uploads\/campo-de-deportes-home.jpg\u00bb background_blend=\u00bbmultiply\u00bb global_colors_info=\u00bb{}\u00bb][et_pb_row _builder_version=\u00bb4.17.4&#8243; _module_preset=\u00bbdefault\u00bb width=\u00bb90%\u00bb max_width=\u00bb100%\u00bb global_colors_info=\u00bb{}\u00bb][et_pb_column type=\u00bb4_4&#8243; _builder_version=\u00bb4.17.4&#8243; _module_preset=\u00bbdefault\u00bb global_colors_info=\u00bb{}\u00bb][et_pb_text _builder_version=\u00bb4.18.0&#8243; _module_preset=\u00bbdefault\u00bb text_font=\u00bbOpen Sans|700|||||||\u00bb text_text_color=\u00bb#FFFFFF\u00bb text_font_size=\u00bb40px\u00bb text_line_height=\u00bb44px\u00bb text_orientation=\u00bbcenter\u00bb custom_margin=\u00bb||20px||false|false\u00bb custom_padding=\u00bb||||false|false\u00bb global_colors_info=\u00bb{}\u00bb]<\/p>\n<p>Jard\u00edn de Infantes<\/p>\n<p>[\/et_pb_text][\/et_pb_column][\/et_pb_row][\/et_pb_section][et_pb_section fb_built=\u00bb1&#8243; custom_padding_last_edited=\u00bbon|phone\u00bb _builder_version=\u00bb4.18.0&#8243; _module_preset=\u00bbdefault\u00bb z_index=\u00bb50&#8243; custom_margin=\u00bb0px||80px||false|false\u00bb custom_margin_tablet=\u00bb0px||80px||false|false\u00bb custom_margin_phone=\u00bb||40px||false|false\u00bb custom_margin_last_edited=\u00bbon|phone\u00bb custom_padding=\u00bb60px||0px||false|false\u00bb custom_padding_tablet=\u00bb60px||0px||false|false\u00bb custom_padding_phone=\u00bb20px||0px||false|false\u00bb global_colors_info=\u00bb{}\u00bb][et_pb_row column_structure=\u00bb1_2,1_2&#8243; _builder_version=\u00bb4.18.0&#8243; _module_preset=\u00bbdefault\u00bb max_width=\u00bb100%\u00bb custom_margin=\u00bb||30px||false|false\u00bb custom_padding=\u00bb0px||0px||true|false\u00bb global_colors_info=\u00bb{}\u00bb][et_pb_column type=\u00bb1_2&#8243; _builder_version=\u00bb4.17.4&#8243; _module_preset=\u00bbdefault\u00bb global_colors_info=\u00bb{}\u00bb][et_pb_text _builder_version=\u00bb4.18.0&#8243; _module_preset=\u00bbdefault\u00bb text_font=\u00bbOpen Sans|700|||||||\u00bb text_text_color=\u00bbgcid-51c228db-bf35-4437-87b7-906a6b6a9585&#8243; text_font_size=\u00bb28px\u00bb text_line_height=\u00bb33px\u00bb custom_margin=\u00bb||30px||false|false\u00bb custom_padding=\u00bb30px||0px||false|false\u00bb global_colors_info=\u00bb{%22gcid-51c228db-bf35-4437-87b7-906a6b6a9585%22:%91%22text_text_color%22%93}\u00bb]<\/p>\n<p>Jard\u00edn de Infantes Manuel Belgrano<br \/>Quilmes High School Kindergarten<\/p>\n<p>[\/et_pb_text][et_pb_text _builder_version=\u00bb4.18.0&#8243; _module_preset=\u00bbdefault\u00bb text_font=\u00bbOpen Sans|700|||||||\u00bb text_text_color=\u00bbgcid-b92f950a-db32-4993-be09-4910f44b1245&#8243; text_font_size=\u00bb24px\u00bb custom_margin=\u00bb||30px||false|false\u00bb custom_margin_tablet=\u00bb||30px||false|false\u00bb custom_margin_phone=\u00bb||0px||false|false\u00bb custom_margin_last_edited=\u00bbon|phone\u00bb custom_padding=\u00bb0px||0px||true|false\u00bb global_colors_info=\u00bb{%22gcid-b92f950a-db32-4993-be09-4910f44b1245%22:%91%22text_text_color%22%93}\u00bb]<\/p>\n<p>Caracter\u00edsticas generales<\/p>\n<p>[\/et_pb_text][\/et_pb_column][et_pb_column type=\u00bb1_2&#8243; _builder_version=\u00bb4.17.4&#8243; _module_preset=\u00bbdefault\u00bb global_colors_info=\u00bb{}\u00bb][et_pb_image src=\u00bbhttps:\/\/www.qhs.com.ar\/web\/wp-content\/uploads\/escudo-jardin.jpg\u00bb align=\u00bbright\u00bb align_tablet=\u00bbright\u00bb align_phone=\u00bbleft\u00bb align_last_edited=\u00bbon|phone\u00bb _builder_version=\u00bb4.18.0&#8243; _module_preset=\u00bbdefault\u00bb width=\u00bb26%\u00bb width_tablet=\u00bb26%\u00bb width_phone=\u00bb74%\u00bb width_last_edited=\u00bbon|phone\u00bb global_colors_info=\u00bb{}\u00bb][\/et_pb_image][\/et_pb_column][\/et_pb_row][et_pb_row _builder_version=\u00bb4.17.4&#8243; _module_preset=\u00bbdefault\u00bb max_width=\u00bb100%\u00bb custom_padding=\u00bb0px||0px||true|false\u00bb global_colors_info=\u00bb{}\u00bb][et_pb_column type=\u00bb4_4&#8243; _builder_version=\u00bb4.17.4&#8243; _module_preset=\u00bbdefault\u00bb global_colors_info=\u00bb{}\u00bb][et_pb_text _builder_version=\u00bb4.18.0&#8243; _module_preset=\u00bbdefault\u00bb text_font=\u00bbOpen Sans||||||||\u00bb text_text_color=\u00bb#000000&#8243; text_line_height=\u00bb1.5em\u00bb custom_margin=\u00bb||20px||false|false\u00bb global_colors_info=\u00bb{}\u00bb]<\/p>\n<p>El Jard\u00edn de Infantes Manuel Belgrano &#8211; Quilmes High School Kindergarten enmarca su tarea pedag\u00f3gica en el fuerte origen biling\u00fce que atraviesa todos nuestros niveles educativos desde 1907.<\/p>\n<p>Su modalidad actual es de doble jornada completa y obligatoria en todas sus secciones . De esta manera, los ni\u00f1os asisten en ambos turnos todos los d\u00edas en concordancia con el sistema tradicional del Quilmes High School. Las propuestas curriculares se abordan en ambos turnos, enriquecidas por est\u00edmulos de m\u00fasica en castellano e ingl\u00e9s, educaci\u00f3n f\u00edsica y games, psicomotricidad y computaci\u00f3n.<\/p>\n<p>Son pilares de nuestro proyecto educativo, el juego transversando toda la propuesta y la incorporaci\u00f3n natural de la segunda lengua, vivenciada mediante la comprensi\u00f3n auditiva, actividades l\u00fadicas, m\u00fasica, expresi\u00f3n corporal y la aplicaci\u00f3n del Ingl\u00e9s en forma activa, natural, sin traducci\u00f3n.<\/p>\n<p>Los ni\u00f1os disfrutan adem\u00e1s de actividades deportivas y recreativas en el Campo de Deportes de la Instituci\u00f3n. All\u00ed tambi\u00e9n se lleva a cabo el proyecto de Campamento.<br \/>Abocados a la formaci\u00f3n integral de nuestros alumnos , se desarrollan tambi\u00e9n , con variadas estrategias, los proyectos de Valores, Educaci\u00f3n Emocional y Alimentaci\u00f3n Saludable, con la fuerte convicci\u00f3n de que es en la primera infancia cuando se sientan las bases de la formaci\u00f3n de la personalidad y de la buena convivencia.<\/p>\n<p>El jard\u00edn cuenta con Equipo de Orientaci\u00f3n permanente cuya tarea institucional abarca el acompa\u00f1amiento a los alumnos, sus docentes y familias y al desarrollo de proyectos espec\u00edficos.<\/p>\n<p>Las familias son convocadas frecuentemente a participar de diferentes eventos y actividades. La comunicaci\u00f3n con ellas se pauta en forma organizada, manteniendo los encuadres institucionales y brind\u00e1ndoles constantemente acompa\u00f1amiento y escucha a sus necesidades.<\/p>\n<p>Si bien siempre se incorporan algunos integrantes nuevos, el equipo docente del Jard\u00edn de Infantes Manuel Belgrano incluye en un alto porcentaje maestros de muchos a\u00f1os de trayectoria. Esta caracter\u00edstica distintiva facilita el sostenimiento de una cultura institucional signada por el respeto a los ni\u00f1os, el buen trato entre pares, la colaboraci\u00f3n y buen clima de trabajo.<\/p>\n<p>[\/et_pb_text][\/et_pb_column][\/et_pb_row][et_pb_row _builder_version=\u00bb4.18.0&#8243; _module_preset=\u00bbdefault\u00bb global_colors_info=\u00bb{}\u00bb][et_pb_column type=\u00bb4_4&#8243; _builder_version=\u00bb4.18.0&#8243; _module_preset=\u00bbdefault\u00bb global_colors_info=\u00bb{}\u00bb][et_pb_image _builder_version=\u00bb4.22.2&#8243; _module_preset=\u00bbdefault\u00bb hover_enabled=\u00bb0&#8243; global_colors_info=\u00bb{}\u00bb sticky_enabled=\u00bb0&#8243;][\/et_pb_image][\/et_pb_column][\/et_pb_row][\/et_pb_section]<\/p>\n","protected":false},"excerpt":{"rendered":"<p>Jard\u00edn de InfantesJard\u00edn de Infantes Manuel BelgranoQuilmes High School KindergartenCaracter\u00edsticas generalesEl Jard\u00edn de Infantes Manuel Belgrano &#8211; Quilmes High School Kindergarten enmarca su tarea pedag\u00f3gica en el fuerte origen biling\u00fce que atraviesa todos nuestros niveles educativos desde 1907.Su modalidad actual es de doble jornada completa y obligatoria en todas sus secciones . De esta manera, [&hellip;]<\/p>\n","protected":false},"author":2,"featured_media":0,"parent":0,"menu_order":0,"comment_status":"closed","ping_status":"closed","template":"","meta":{"_et_pb_use_builder":"on","_et_pb_old_content":"","_et_gb_content_width":"","footnotes":""},"class_list":["post-746","page","type-page","status-publish","hentry"],"_links":{"self":[{"href":"https:\/\/www.qhs.com.ar\/web\/index.php\/wp-json\/wp\/v2\/pages\/746","targetHints":{"allow":["GET"]}}],"collection":[{"href":"https:\/\/www.qhs.com.ar\/web\/index.php\/wp-json\/wp\/v2\/pages"}],"about":[{"href":"https:\/\/www.qhs.com.ar\/web\/index.php\/wp-json\/wp\/v2\/types\/page"}],"author":[{"embeddable":true,"href":"https:\/\/www.qhs.com.ar\/web\/index.php\/wp-json\/wp\/v2\/users\/2"}],"replies":[{"embeddable":true,"href":"https:\/\/www.qhs.com.ar\/web\/index.php\/wp-json\/wp\/v2\/comments?post=746"}],"version-history":[{"count":10,"href":"https:\/\/www.qhs.com.ar\/web\/index.php\/wp-json\/wp\/v2\/pages\/746\/revisions"}],"predecessor-version":[{"id":2512,"href":"https:\/\/www.qhs.com.ar\/web\/index.php\/wp-json\/wp\/v2\/pages\/746\/revisions\/2512"}],"wp:attachment":[{"href":"https:\/\/www.qhs.com.ar\/web\/index.php\/wp-json\/wp\/v2\/media?parent=746"}],"curies":[{"name":"wp","href":"https:\/\/api.w.org\/{rel}","templated":true}]}}

Características

<p>[et_pb_section fb_built=»1&#8243; _builder_version=»4.17.4&#8243; _module_preset=»default» background_color=»rgba(0,69,22,0.87)» background_image=»https://www.qhs.com.ar/web/wp-content/uploads/campo-de-deportes-home.jpg» background_blend=»multiply» global_colors_info=»{}»][et_pb_row _builder_version=»4.17.4&#8243; _module_preset=»default» width=»90%» max_width=»100%» global_colors_info=»{}»][et_pb_column type=»4_4&#8243; _builder_version=»4.17.4&#8243; _module_preset=»default» global_colors_info=»{}»][et_pb_text _builder_version=»4.18.0&#8243; _module_preset=»default» text_font=»Open Sans|700|||||||» text_text_color=»#FFFFFF» text_font_size=»40px» text_line_height=»44px» text_orientation=»center» custom_margin=»||20px||false|false» custom_padding=»||||false|false» global_colors_info=»{}»]</p>
<p>Jardín de Infantes</p>
<p>[/et_pb_text][/et_pb_column][/et_pb_row][/et_pb_section][et_pb_section fb_built=»1&#8243; custom_padding_last_edited=»on|phone» _builder_version=»4.18.0&#8243; _module_preset=»default» z_index=»50&#8243; custom_margin=»0px||80px||false|false» custom_margin_tablet=»0px||80px||false|false» custom_margin_phone=»||40px||false|false» custom_margin_last_edited=»on|phone» custom_padding=»60px||0px||false|false» custom_padding_tablet=»60px||0px||false|false» custom_padding_phone=»20px||0px||false|false» global_colors_info=»{}»][et_pb_row column_structure=»1_2,1_2&#8243; _builder_version=»4.18.0&#8243; _module_preset=»default» max_width=»100%» custom_margin=»||30px||false|false» custom_padding=»0px||0px||true|false» global_colors_info=»{}»][et_pb_column type=»1_2&#8243; _builder_version=»4.17.4&#8243; _module_preset=»default» global_colors_info=»{}»][et_pb_text _builder_version=»4.18.0&#8243; _module_preset=»default» text_font=»Open Sans|700|||||||» text_text_color=»gcid-51c228db-bf35-4437-87b7-906a6b6a9585&#8243; text_font_size=»28px» text_line_height=»33px» custom_margin=»||30px||false|false» custom_padding=»30px||0px||false|false» global_colors_info=»{%22gcid-51c228db-bf35-4437-87b7-906a6b6a9585%22:%91%22text_text_color%22%93}»]</p>
<p>Jardín de Infantes Manuel Belgrano<br />Quilmes High School Kindergarten</p>
<p>[/et_pb_text][et_pb_text _builder_version=»4.18.0&#8243; _module_preset=»default» text_font=»Open Sans|700|||||||» text_text_color=»gcid-b92f950a-db32-4993-be09-4910f44b1245&#8243; text_font_size=»24px» custom_margin=»||30px||false|false» custom_margin_tablet=»||30px||false|false» custom_margin_phone=»||0px||false|false» custom_margin_last_edited=»on|phone» custom_padding=»0px||0px||true|false» global_colors_info=»{%22gcid-b92f950a-db32-4993-be09-4910f44b1245%22:%91%22text_text_color%22%93}»]</p>
<p>Características generales</p>
<p>[/et_pb_text][/et_pb_column][et_pb_column type=»1_2&#8243; _builder_version=»4.17.4&#8243; _module_preset=»default» global_colors_info=»{}»][et_pb_image src=»https://www.qhs.com.ar/web/wp-content/uploads/escudo-jardin.jpg» align=»right» align_tablet=»right» align_phone=»left» align_last_edited=»on|phone» _builder_version=»4.18.0&#8243; _module_preset=»default» width=»26%» width_tablet=»26%» width_phone=»74%» width_last_edited=»on|phone» global_colors_info=»{}»][/et_pb_image][/et_pb_column][/et_pb_row][et_pb_row _builder_version=»4.17.4&#8243; _module_preset=»default» max_width=»100%» custom_padding=»0px||0px||true|false» global_colors_info=»{}»][et_pb_column type=»4_4&#8243; _builder_version=»4.17.4&#8243; _module_preset=»default» global_colors_info=»{}»][et_pb_text _builder_version=»4.18.0&#8243; _module_preset=»default» text_font=»Open Sans||||||||» text_text_color=»#000000&#8243; text_line_height=»1.5em» custom_margin=»||20px||false|false» global_colors_info=»{}»]</p>
<p>El Jardín de Infantes Manuel Belgrano &#8211; Quilmes High School Kindergarten enmarca su tarea pedagógica en el fuerte origen bilingüe que atraviesa todos nuestros niveles educativos desde 1907.</p>
<p>Su modalidad actual es de doble jornada completa y obligatoria en todas sus secciones . De esta manera, los niños asisten en ambos turnos todos los días en concordancia con el sistema tradicional del Quilmes High School. Las propuestas curriculares se abordan en ambos turnos, enriquecidas por estímulos de música en castellano e inglés, educación física y games, psicomotricidad y computación.</p>
<p>Son pilares de nuestro proyecto educativo, el juego transversando toda la propuesta y la incorporación natural de la segunda lengua, vivenciada mediante la comprensión auditiva, actividades lúdicas, música, expresión corporal y la aplicación del Inglés en forma activa, natural, sin traducción.</p>
<p>Los niños disfrutan además de actividades deportivas y recreativas en el Campo de Deportes de la Institución. Allí también se lleva a cabo el proyecto de Campamento.<br />Abocados a la formación integral de nuestros alumnos , se desarrollan también , con variadas estrategias, los proyectos de Valores, Educación Emocional y Alimentación Saludable, con la fuerte convicción de que es en la primera infancia cuando se sientan las bases de la formación de la personalidad y de la buena convivencia.</p>
<p>El jardín cuenta con Equipo de Orientación permanente cuya tarea institucional abarca el acompañamiento a los alumnos, sus docentes y familias y al desarrollo de proyectos específicos.</p>
<p>Las familias son convocadas frecuentemente a participar de diferentes eventos y actividades. La comunicación con ellas se pauta en forma organizada, manteniendo los encuadres institucionales y brindándoles constantemente acompañamiento y escucha a sus necesidades.</p>
<p>Si bien siempre se incorporan algunos integrantes nuevos, el equipo docente del Jardín de Infantes Manuel Belgrano incluye en un alto porcentaje maestros de muchos años de trayectoria. Esta característica distintiva facilita el sostenimiento de una cultura institucional signada por el respeto a los niños, el buen trato entre pares, la colaboración y buen clima de trabajo.</p>
<p>[/et_pb_text][/et_pb_column][/et_pb_row][et_pb_row _builder_version=»4.18.0&#8243; _module_preset=»default» global_colors_info=»{}»][et_pb_column type=»4_4&#8243; _builder_version=»4.18.0&#8243; _module_preset=»default» global_colors_info=»{}»][et_pb_image _builder_version=»4.22.2&#8243; _module_preset=»default» hover_enabled=»0&#8243; global_colors_info=»{}» sticky_enabled=»0&#8243;][/et_pb_image][/et_pb_column][/et_pb_row][/et_pb_section]</p>

<p>Jardín de InfantesJardín de Infantes Manuel BelgranoQuilmes High School KindergartenCaracterísticas generalesEl Jardín de Infantes Manuel Belgrano &#8211; Quilmes High School Kindergarten enmarca su tarea pedagógica en el fuerte origen bilingüe que atraviesa todos nuestros niveles educativos desde 1907.Su modalidad actual es de doble jornada completa y obligatoria en todas sus secciones . De esta manera, [&hellip;]</p>
