{"id":401,"date":"2022-07-17T12:04:12","date_gmt":"2022-07-17T15:04:12","guid":{"rendered":"http:\/\/www.qhs.com.ar\/web\/?page_id=401"},"modified":"2022-09-06T18:31:58","modified_gmt":"2022-09-06T21:31:58","slug":"perfil-del-egresado","status":"publish","type":"page","link":"https:\/\/www.qhs.com.ar\/web\/index.php\/perfil-del-egresado\/","title":{"rendered":"Perfil del Egresado"},"content":{"rendered":"<p>[et_pb_section fb_built=\u00bb1&#8243; _builder_version=\u00bb4.17.4&#8243; _module_preset=\u00bbdefault\u00bb background_color=\u00bbrgba(0,69,22,0.87)\u00bb background_image=\u00bbhttps:\/\/www.qhs.com.ar\/web\/wp-content\/uploads\/campo-de-deportes-home.jpg\u00bb background_blend=\u00bbmultiply\u00bb global_colors_info=\u00bb{}\u00bb][et_pb_row _builder_version=\u00bb4.17.4&#8243; _module_preset=\u00bbdefault\u00bb width=\u00bb90%\u00bb max_width=\u00bb100%\u00bb global_colors_info=\u00bb{}\u00bb][et_pb_column type=\u00bb4_4&#8243; _builder_version=\u00bb4.17.4&#8243; _module_preset=\u00bbdefault\u00bb global_colors_info=\u00bb{}\u00bb][et_pb_text _builder_version=\u00bb4.17.6&#8243; _module_preset=\u00bbdefault\u00bb text_font=\u00bbOpen Sans|700|||||||\u00bb text_text_color=\u00bb#FFFFFF\u00bb text_font_size=\u00bb40px\u00bb text_orientation=\u00bbcenter\u00bb custom_margin=\u00bb||20px||false|false\u00bb custom_padding=\u00bb||||false|false\u00bb global_colors_info=\u00bb{}\u00bb]La Instituci\u00f3n[\/et_pb_text][\/et_pb_column][\/et_pb_row][\/et_pb_section][et_pb_section fb_built=\u00bb1&#8243; _builder_version=\u00bb4.17.6&#8243; _module_preset=\u00bbdefault\u00bb z_index=\u00bb50&#8243; custom_margin=\u00bb0px||0px||false|false\u00bb custom_padding=\u00bb60px||60px||true|false\u00bb global_colors_info=\u00bb{}\u00bb][et_pb_row _builder_version=\u00bb4.17.6&#8243; _module_preset=\u00bbdefault\u00bb max_width=\u00bb100%\u00bb custom_margin=\u00bb||60px||false|false\u00bb custom_padding=\u00bb0px||0px||true|false\u00bb border_width_bottom=\u00bb2px\u00bb border_color_bottom=\u00bbgcid-51c228db-bf35-4437-87b7-906a6b6a9585&#8243; border_style_bottom=\u00bbdashed\u00bb global_colors_info=\u00bb{%22gcid-51c228db-bf35-4437-87b7-906a6b6a9585%22:%91%22border_color_bottom%22%93}\u00bb][et_pb_column type=\u00bb4_4&#8243; _builder_version=\u00bb4.17.4&#8243; _module_preset=\u00bbdefault\u00bb global_colors_info=\u00bb{}\u00bb][et_pb_text _builder_version=\u00bb4.17.6&#8243; _module_preset=\u00bbdefault\u00bb text_font=\u00bbOpen Sans|700|||||||\u00bb text_text_color=\u00bbgcid-51c228db-bf35-4437-87b7-906a6b6a9585&#8243; text_font_size=\u00bb28px\u00bb custom_margin=\u00bb||30px||false|false\u00bb custom_padding=\u00bb0px||0px||true|false\u00bb global_colors_info=\u00bb{%22gcid-51c228db-bf35-4437-87b7-906a6b6a9585%22:%91%22text_text_color%22%93}\u00bb]Perfil del Egresado[\/et_pb_text][et_pb_text _builder_version=\u00bb4.17.6&#8243; _module_preset=\u00bbdefault\u00bb text_font=\u00bbOpen Sans|700|||||||\u00bb text_text_color=\u00bbgcid-b92f950a-db32-4993-be09-4910f44b1245&#8243; text_font_size=\u00bb20px\u00bb custom_margin=\u00bb||30px||false|false\u00bb custom_padding=\u00bb0px||0px||true|false\u00bb global_colors_info=\u00bb{%22gcid-b92f950a-db32-4993-be09-4910f44b1245%22:%91%22text_text_color%22%93}\u00bb]Objetivos Institucionales[\/et_pb_text][et_pb_text _builder_version=\u00bb4.17.6&#8243; _module_preset=\u00bbdefault\u00bb text_font=\u00bbOpen Sans||||||||\u00bb text_text_color=\u00bb#000000&#8243; text_line_height=\u00bb1.5em\u00bb custom_margin=\u00bb||20px||false|false\u00bb global_colors_info=\u00bb{}\u00bb]<\/p>\n<ul>\n<li>Que cada alumno desarrolle al m\u00e1ximo sus potencialidades f\u00edsicas, emocionales e intelectuales, tomando conciencia de sus posibilidades y limitaciones.<\/li>\n<li>Que act\u00fae en forma cada vez m\u00e1s independiente con relaci\u00f3n a sus padres, maestros y dem\u00e1s personas fortaleciendo sus v\u00ednculos sociales, respetando la autoridad, ejercitando los valores de cooperaci\u00f3n, solidaridad y ayuda mutua.<\/li>\n<li>Que responda a los requerimientos de su entorno inmediato como consecuencia de la realidad f\u00edsica, social y cultural en que vive.<\/li>\n<\/ul>\n<p>[\/et_pb_text][\/et_pb_column][\/et_pb_row][et_pb_row _builder_version=\u00bb4.17.6&#8243; _module_preset=\u00bbdefault\u00bb max_width=\u00bb90%\u00bb custom_padding=\u00bb0px||0px||true|false\u00bb global_colors_info=\u00bb{}\u00bb][et_pb_column type=\u00bb4_4&#8243; _builder_version=\u00bb4.17.6&#8243; _module_preset=\u00bbdefault\u00bb global_colors_info=\u00bb{}\u00bb][et_pb_text _builder_version=\u00bb4.18.0&#8243; _module_preset=\u00bbdefault\u00bb text_font=\u00bbOpen Sans|700|||||||\u00bb text_text_color=\u00bbgcid-51c228db-bf35-4437-87b7-906a6b6a9585&#8243; text_font_size=\u00bb28px\u00bb custom_margin=\u00bb||30px||false|false\u00bb custom_padding=\u00bb0px||0px||true|false\u00bb hover_enabled=\u00bb0&#8243; global_colors_info=\u00bb{%22gcid-51c228db-bf35-4437-87b7-906a6b6a9585%22:%91%22text_text_color%22%93}\u00bb text_line_height=\u00bb32px\u00bb sticky_enabled=\u00bb0&#8243;]<\/p>\n<p>Perfil de los alumnos del Quilmes High School<\/p>\n<p>[\/et_pb_text][\/et_pb_column][\/et_pb_row][et_pb_row column_structure=\u00bb1_2,1_2&#8243; _builder_version=\u00bb4.17.4&#8243; _module_preset=\u00bbdefault\u00bb max_width=\u00bb100%\u00bb custom_padding=\u00bb0px||0px||true|false\u00bb global_colors_info=\u00bb{}\u00bb][et_pb_column type=\u00bb1_2&#8243; _builder_version=\u00bb4.17.4&#8243; _module_preset=\u00bbdefault\u00bb global_colors_info=\u00bb{}\u00bb][et_pb_text _builder_version=\u00bb4.17.6&#8243; _module_preset=\u00bbdefault\u00bb text_font=\u00bbOpen Sans||||||||\u00bb text_text_color=\u00bb#000000&#8243; text_line_height=\u00bb1.5em\u00bb custom_margin=\u00bb||20px||false|false\u00bb global_colors_info=\u00bb{}\u00bb]<\/p>\n<p><strong>Buenos comunicadores<\/strong><br \/>Comprenden informaci\u00f3n y expresan ideas con fluidez y creatividad tanto en castellano como en ingl\u00e9s.<\/p>\n<p><strong>Indagadores<\/strong><br \/>Desarrollan su curiosidad natural. Adquieren las habilidades necesarias para indagar y realizar investigaciones, y demuestran autonom\u00eda en su aprendizaje.<\/p>\n<p><strong>Informados e instruidos<\/strong><br \/>Exploran conceptos, ideas y cuestiones de importancia local y mundial y, al hacerlo, adquieren conocimientos y profundizan su comprensi\u00f3n de una amplia y equilibrada gama de disciplinas.<\/p>\n<p><strong>Pensadores<\/strong><br \/>Aplican, por propia iniciativa, sus habilidades intelectuales de manera cr\u00edtica y creativa para reconocer y abordar problemas complejos, y para tomar decisiones razonadas y \u00e9ticas.<\/p>\n<p><strong>\u00cdntegros<\/strong><br \/>Asumen la responsabilidad de sus propios actos y las consecuencias derivadas de ellos.<\/p>\n<p>&nbsp;<\/p>\n<p>[\/et_pb_text][\/et_pb_column][et_pb_column type=\u00bb1_2&#8243; _builder_version=\u00bb4.17.4&#8243; _module_preset=\u00bbdefault\u00bb global_colors_info=\u00bb{}\u00bb][et_pb_text _builder_version=\u00bb4.17.6&#8243; _module_preset=\u00bbdefault\u00bb text_font=\u00bbOpen Sans||||||||\u00bb text_text_color=\u00bb#000000&#8243; text_line_height=\u00bb1.5em\u00bb custom_margin=\u00bb||20px||false|false\u00bb global_colors_info=\u00bb{}\u00bb]<\/p>\n<p><strong>De mentalidad abierta<\/strong><br \/>Entienden y aprecian su propia cultura e historia personal, y est\u00e1n abiertos a las perspectivas, valores y tradiciones de otras personas y comunidades.<\/p>\n<p><strong>Solidarios<\/strong><br \/>Muestran empat\u00eda, sensibilidad y respeto por las necesidades y sentimientos de los dem\u00e1s. Se comprometen personalmente a ayudar a los dem\u00e1s y act\u00faan con el prop\u00f3sito de influir positivamente en la vida de las personas y el medio ambiente.<\/p>\n<p><strong>Audaces<\/strong><br \/>Abordan situaciones desconocidas e inciertas con sensatez y determinaci\u00f3n y su esp\u00edritu independiente les permite explorar nuevos roles, ideas y estrategias.<br \/>Defienden aquello en lo que creen con elocuencia y valor.<\/p>\n<p><strong>Equilibrados<\/strong><br \/>Entienden la importancia del equilibrio f\u00edsico, mental y emocional para lograr el bienestar personal propio y el de los dem\u00e1s.<\/p>\n<p><strong>Reflexivos<\/strong><br \/>Eval\u00faan detenidamente su propio aprendizaje y experiencias. Son capaces de reconocer y comprender sus cualidades y limitaciones para, de este modo, contribuir a su aprendizaje y evoluci\u00f3n personal.<\/p>\n<p>[\/et_pb_text][\/et_pb_column][\/et_pb_row][\/et_pb_section]<\/p>\n","protected":false},"excerpt":{"rendered":"<p>La Instituci\u00f3nPerfil del EgresadoObjetivos Institucionales Que cada alumno desarrolle al m\u00e1ximo sus potencialidades f\u00edsicas, emocionales e intelectuales, tomando conciencia de sus posibilidades y limitaciones. Que act\u00fae en forma cada vez m\u00e1s independiente con relaci\u00f3n a sus padres, maestros y dem\u00e1s personas fortaleciendo sus v\u00ednculos sociales, respetando la autoridad, ejercitando los valores de cooperaci\u00f3n, solidaridad y [&hellip;]<\/p>\n","protected":false},"author":2,"featured_media":0,"parent":0,"menu_order":0,"comment_status":"closed","ping_status":"closed","template":"","meta":{"_et_pb_use_builder":"on","_et_pb_old_content":"","_et_gb_content_width":"","footnotes":""},"class_list":["post-401","page","type-page","status-publish","hentry"],"_links":{"self":[{"href":"https:\/\/www.qhs.com.ar\/web\/index.php\/wp-json\/wp\/v2\/pages\/401","targetHints":{"allow":["GET"]}}],"collection":[{"href":"https:\/\/www.qhs.com.ar\/web\/index.php\/wp-json\/wp\/v2\/pages"}],"about":[{"href":"https:\/\/www.qhs.com.ar\/web\/index.php\/wp-json\/wp\/v2\/types\/page"}],"author":[{"embeddable":true,"href":"https:\/\/www.qhs.com.ar\/web\/index.php\/wp-json\/wp\/v2\/users\/2"}],"replies":[{"embeddable":true,"href":"https:\/\/www.qhs.com.ar\/web\/index.php\/wp-json\/wp\/v2\/comments?post=401"}],"version-history":[{"count":8,"href":"https:\/\/www.qhs.com.ar\/web\/index.php\/wp-json\/wp\/v2\/pages\/401\/revisions"}],"predecessor-version":[{"id":1480,"href":"https:\/\/www.qhs.com.ar\/web\/index.php\/wp-json\/wp\/v2\/pages\/401\/revisions\/1480"}],"wp:attachment":[{"href":"https:\/\/www.qhs.com.ar\/web\/index.php\/wp-json\/wp\/v2\/media?parent=401"}],"curies":[{"name":"wp","href":"https:\/\/api.w.org\/{rel}","templated":true}]}}

<p>[et_pb_section fb_built=»1&#8243; _builder_version=»4.17.4&#8243; _module_preset=»default» background_color=»rgba(0,69,22,0.87)» background_image=»https://www.qhs.com.ar/web/wp-content/uploads/campo-de-deportes-home.jpg» background_blend=»multiply» global_colors_info=»{}»][et_pb_row _builder_version=»4.17.4&#8243; _module_preset=»default» width=»90%» max_width=»100%» global_colors_info=»{}»][et_pb_column type=»4_4&#8243; _builder_version=»4.17.4&#8243; _module_preset=»default» global_colors_info=»{}»][et_pb_text _builder_version=»4.17.6&#8243; _module_preset=»default» text_font=»Open Sans|700|||||||» text_text_color=»#FFFFFF» text_font_size=»40px» text_orientation=»center» custom_margin=»||20px||false|false» custom_padding=»||||false|false» global_colors_info=»{}»]La Institución[/et_pb_text][/et_pb_column][/et_pb_row][/et_pb_section][et_pb_section fb_built=»1&#8243; _builder_version=»4.17.6&#8243; _module_preset=»default» z_index=»50&#8243; custom_margin=»0px||0px||false|false» custom_padding=»60px||60px||true|false» global_colors_info=»{}»][et_pb_row _builder_version=»4.17.6&#8243; _module_preset=»default» max_width=»100%» custom_margin=»||60px||false|false» custom_padding=»0px||0px||true|false» border_width_bottom=»2px» border_color_bottom=»gcid-51c228db-bf35-4437-87b7-906a6b6a9585&#8243; border_style_bottom=»dashed» global_colors_info=»{%22gcid-51c228db-bf35-4437-87b7-906a6b6a9585%22:%91%22border_color_bottom%22%93}»][et_pb_column type=»4_4&#8243; _builder_version=»4.17.4&#8243; _module_preset=»default» global_colors_info=»{}»][et_pb_text _builder_version=»4.17.6&#8243; _module_preset=»default» text_font=»Open Sans|700|||||||» text_text_color=»gcid-51c228db-bf35-4437-87b7-906a6b6a9585&#8243; text_font_size=»28px» custom_margin=»||30px||false|false» custom_padding=»0px||0px||true|false» global_colors_info=»{%22gcid-51c228db-bf35-4437-87b7-906a6b6a9585%22:%91%22text_text_color%22%93}»]Perfil del Egresado[/et_pb_text][et_pb_text _builder_version=»4.17.6&#8243; _module_preset=»default» text_font=»Open Sans|700|||||||» text_text_color=»gcid-b92f950a-db32-4993-be09-4910f44b1245&#8243; text_font_size=»20px» custom_margin=»||30px||false|false» custom_padding=»0px||0px||true|false» global_colors_info=»{%22gcid-b92f950a-db32-4993-be09-4910f44b1245%22:%91%22text_text_color%22%93}»]Objetivos Institucionales[/et_pb_text][et_pb_text _builder_version=»4.17.6&#8243; _module_preset=»default» text_font=»Open Sans||||||||» text_text_color=»#000000&#8243; text_line_height=»1.5em» custom_margin=»||20px||false|false» global_colors_info=»{}»]</p>
<ul>
<li>Que cada alumno desarrolle al máximo sus potencialidades físicas, emocionales e intelectuales, tomando conciencia de sus posibilidades y limitaciones.</li>
<li>Que actúe en forma cada vez más independiente con relación a sus padres, maestros y demás personas fortaleciendo sus vínculos sociales, respetando la autoridad, ejercitando los valores de cooperación, solidaridad y ayuda mutua.</li>
<li>Que responda a los requerimientos de su entorno inmediato como consecuencia de la realidad física, social y cultural en que vive.</li>
</ul>
<p>[/et_pb_text][/et_pb_column][/et_pb_row][et_pb_row _builder_version=»4.17.6&#8243; _module_preset=»default» max_width=»90%» custom_padding=»0px||0px||true|false» global_colors_info=»{}»][et_pb_column type=»4_4&#8243; _builder_version=»4.17.6&#8243; _module_preset=»default» global_colors_info=»{}»][et_pb_text _builder_version=»4.18.0&#8243; _module_preset=»default» text_font=»Open Sans|700|||||||» text_text_color=»gcid-51c228db-bf35-4437-87b7-906a6b6a9585&#8243; text_font_size=»28px» custom_margin=»||30px||false|false» custom_padding=»0px||0px||true|false» hover_enabled=»0&#8243; global_colors_info=»{%22gcid-51c228db-bf35-4437-87b7-906a6b6a9585%22:%91%22text_text_color%22%93}» text_line_height=»32px» sticky_enabled=»0&#8243;]</p>
<p>Perfil de los alumnos del Quilmes High School</p>
<p>[/et_pb_text][/et_pb_column][/et_pb_row][et_pb_row column_structure=»1_2,1_2&#8243; _builder_version=»4.17.4&#8243; _module_preset=»default» max_width=»100%» custom_padding=»0px||0px||true|false» global_colors_info=»{}»][et_pb_column type=»1_2&#8243; _builder_version=»4.17.4&#8243; _module_preset=»default» global_colors_info=»{}»][et_pb_text _builder_version=»4.17.6&#8243; _module_preset=»default» text_font=»Open Sans||||||||» text_text_color=»#000000&#8243; text_line_height=»1.5em» custom_margin=»||20px||false|false» global_colors_info=»{}»]</p>
<p><strong>Buenos comunicadores</strong><br />Comprenden información y expresan ideas con fluidez y creatividad tanto en castellano como en inglés.</p>
<p><strong>Indagadores</strong><br />Desarrollan su curiosidad natural. Adquieren las habilidades necesarias para indagar y realizar investigaciones, y demuestran autonomía en su aprendizaje.</p>
<p><strong>Informados e instruidos</strong><br />Exploran conceptos, ideas y cuestiones de importancia local y mundial y, al hacerlo, adquieren conocimientos y profundizan su comprensión de una amplia y equilibrada gama de disciplinas.</p>
<p><strong>Pensadores</strong><br />Aplican, por propia iniciativa, sus habilidades intelectuales de manera crítica y creativa para reconocer y abordar problemas complejos, y para tomar decisiones razonadas y éticas.</p>
<p><strong>Íntegros</strong><br />Asumen la responsabilidad de sus propios actos y las consecuencias derivadas de ellos.</p>
<p>&nbsp;</p>
<p>[/et_pb_text][/et_pb_column][et_pb_column type=»1_2&#8243; _builder_version=»4.17.4&#8243; _module_preset=»default» global_colors_info=»{}»][et_pb_text _builder_version=»4.17.6&#8243; _module_preset=»default» text_font=»Open Sans||||||||» text_text_color=»#000000&#8243; text_line_height=»1.5em» custom_margin=»||20px||false|false» global_colors_info=»{}»]</p>
<p><strong>De mentalidad abierta</strong><br />Entienden y aprecian su propia cultura e historia personal, y están abiertos a las perspectivas, valores y tradiciones de otras personas y comunidades.</p>
<p><strong>Solidarios</strong><br />Muestran empatía, sensibilidad y respeto por las necesidades y sentimientos de los demás. Se comprometen personalmente a ayudar a los demás y actúan con el propósito de influir positivamente en la vida de las personas y el medio ambiente.</p>
<p><strong>Audaces</strong><br />Abordan situaciones desconocidas e inciertas con sensatez y determinación y su espíritu independiente les permite explorar nuevos roles, ideas y estrategias.<br />Defienden aquello en lo que creen con elocuencia y valor.</p>
<p><strong>Equilibrados</strong><br />Entienden la importancia del equilibrio físico, mental y emocional para lograr el bienestar personal propio y el de los demás.</p>
<p><strong>Reflexivos</strong><br />Evalúan detenidamente su propio aprendizaje y experiencias. Son capaces de reconocer y comprender sus cualidades y limitaciones para, de este modo, contribuir a su aprendizaje y evolución personal.</p>
<p>[/et_pb_text][/et_pb_column][/et_pb_row][/et_pb_section]</p>

<p>La InstituciónPerfil del EgresadoObjetivos Institucionales Que cada alumno desarrolle al máximo sus potencialidades físicas, emocionales e intelectuales, tomando conciencia de sus posibilidades y limitaciones. Que actúe en forma cada vez más independiente con relación a sus padres, maestros y demás personas fortaleciendo sus vínculos sociales, respetando la autoridad, ejercitando los valores de cooperación, solidaridad y [&hellip;]</p>
